) = -1 + x + 4*x + 5*x**3 + 5 - 4*x**y + 4*x**2. Give l(t).
-2
Let a be 1/((-15)/(-18) + (-2)/6). Let t(i) be the second derivative of 1/2*i**a + 3*i - 1/3*i**3 + 0 - 1/20*i**5 + 1/3*i**4. Determine t(4).
-7
Let o(k) = -k**2 + 9*k + 5. Suppose -5*i + 0*i + 77 = a, 2*i = 5*a - 385. Let b = -70 + a. Determine o(b).
19
Let w be ((-1915)/(-10))/((-1)/2). Let t = 223 + w. Let x be (-3)/(-4)*t/(-60). Let b(r) = -8*r - 2. Give b(x).
-18
Let g be (162/(-30) + 5)/((-1)/25). Let j(t) = -9*t + 5*t + g*t - 1. Give j(2).
11
Let a be (79 - 76)*(-1)/3. Let l(p) = 0*p + 1 + 3*p - 2*p. Calculate l(a).
0
Let i(t) = t**2 - t - 1. Let f(w) = -2*w + 4. Let m be f(-4). Let d = m + -14. Determine i(d).
5
Let b(j) = -j**2 - 8*j - 1. Let a be ((-4)/(-8) - 3)*12. Let p = -34 - a. Give b(p).
15
Let s(v) = -v**3 - v**2 - v - 3. Let h be (-1 + (-6)/(-30))/((-10)/25). Determine s(h).
-17
Let p = 804 - 811. Let m(s) = -s**3 - 8*s**2 - 8*s + 14. What is m(p)?
21
Let c(u) be the third derivative of u**2 + 1/120*u**6 + 1/2*u**3 - 1/15*u**5 + 0*u - 7/24*u**4 + 0. Give c(5).
-7
Let m = 23 - 23. Let c(u) = 6*u - 92*u**2 + 8 - u**3 + 99*u**2 + m*u**3. What is c(8)?
-8
Let g(c) = 2*c - 9. Let s be g(6). Let a(v) = 0 - 7*v - 4*v**2 + 77*v**s + 1 - 78*v**3 - 3*v**2. Calculate a(-6).
7
Suppose -855 = -25*z - 20*z. Let r = 5 + 0. Suppose 1 + z = r*u. Let l(s) = s**3 - 5*s**2 + 4*s - 3. Give l(u).
-3
Let k(u) = -u**2 - 4*u + 1. Let f(i) = -i**3 + 5*i**2 - 7*i + 8. Let v be f(4). Let o = 11 - 3. Let h be 2 - (o + 16/v). Give k(h).
5
Suppose -3*h + 6*h = -5*p - 15, 3*h + 4*p = -12. Let o be 3 + 4/(4 + h). Let t be 2/o - (-1)/(-2). Let b(x) = -x**2 + 2. Give b(t).
2
Let t(y) = 2*y**2 + 180*y**3 - 3*y + 2 - 89*y**3 - 90*y**3. Give t(-3).
2
Let a = -8 - -7. Let u(o) be the third derivative of -o**7/720 - o**6/720 + o**5/20 - 5*o**2. Let n(s) be the third derivative of u(s). Give n(a).
6
Let i(f) = -13*f - 1. Let z = 22 + -23. Calculate i(z).
12
Let i = -11 - -10. Let p(d) = 3*d + 19. Let b(t) = -t - 7. Let v(h) = 11*b(h) + 4*p(h). Calculate v(i).
-2
Suppose 0 = y - 3*v - 71, y - 2*v - 72 - 2 = 0. Let q(w) = y*w + w**2 + 80*w + 1 - 159*w. Calculate q(3).
13
Let q(o) = 9*o + 2. Suppose -5*v = -5*j - 13 + 33, 2*v - 6 = -5*j. Let m(g) = -4*g + 13*g + 82*g + 21. Let d(b) = v*m(b) + 21*q(b). Calculate d(1).
7
Let q be (-4)/14 - (-3456)/336. Let k(n) = n - 10. Determine k(q).
0
Let t(u) = 2*u - 16 - 8*u**2 + 7*u**2 - u**3 + 18. Determine t(0).
2
Let i(o) be the second derivative of -31*o**4/12 - o**3/6 - 32*o - 2. What is i(1)?
-32
Let z(u) = -3*u + 9. Let x be -6*-4*6/24. Give z(x).
-9
Let c(m) = -m**3 - 16*m**2 - 14*m + 21. Let k be c(-15). Let p(j) = 6*j + 2*j**3 + j**2 - j**3 - 8*j**2. Determine p(k).
0
Suppose 4*r - 55 = -3*z, -4*r = -9*r - 2*z + 67. Suppose -15 = 3*s - 3*t, 4*s + 5*t + 7 = -r. Let l(q) = -q**2 - 5*q + 2. Give l(s).
2
Let l(n) = n**3 - 3*n**2 - 6*n - 4. Suppose -176 = 2*m - 186. Give l(m).
16
Let s(b) be the third derivative of b**4/6 - b**3/3 + 7*b**2. Give s(-4).
-18
Let j(s) be the third derivative of s**4/24 + s**2 - 9. Determine j(-1).
-1
Let s(x) = 4*x + 8. Let v(l) = -l + 1. Let i(h) = s(h) - 6*v(h). What is i(2)?
22
Let o(h) = -13*h + 2 - 5*h + 18*h - 2*h. What is o(8)?
-14
Let i(c) = -c + 3. Let j(v) = v - 3. Let h(q) = 2*i(q) + 3*j(q). Suppose 7*m - 3*m - 2*u = 0, 0 = -2*u. Determine h(m).
-3
Let k(p) = p**3 + 2*p**2 - 3*p. Suppose -5*r - 9 = 4*m - 4, -3*r - m = -4. Calculate k(r).
36
Let a be (-2 - (-10)/5)/(-1). Let l(d) be the third derivative of a - 5/24*d**4 + 0*d + 4*d**2 + 1/6*d**3. Give l(-2).
11
Let c(l) = -l**2 - 4*l - 4. Let k = 90 - 88. Let p be -2 + (2 - 1) - 0. Let f = p - k. What is c(f)?
-1
Let y(f) = f**3 - 8*f**2 - 11*f + 19. Let s be y(9). Let o(p) = 17*p + 2. Let l(t) = 25*t + 3. Let h(u) = 5*l(u) - 7*o(u). Calculate h(s).
7
Let d be (-2)/(-3) + 38/6. Let l = 5 + d. Let w(x) = 4 - 2 + l*x - 2. Calculate w(-1).
-12
Suppose -7*o = -33 + 40. Let u(d) = -13*d**3 + 2*d**2 - 1. Give u(o).
14
Let q(t) = -6*t + 7. Let j(v) = v + 4. Let p(u) = -u - 5. Let i(c) = -7*j(c) - 6*p(c). Let a(f) = 5*i(f) - q(f). Let l = -8 + 5. Determine a(l).
0
Let r(t) be the third derivative of -9*t**2 - 1/12*t**4 + 0*t**3 + 0 + 0*t. What is r(-1)?
2
Let o = -3 - -6. Let m(f) = -11*f - 2. Let z(q) = 3*q + 1. Let i(v) = -m(v) - 3*z(v). Determine i(o).
5
Let i(m) be the second derivative of m**5/20 - 13*m**4/12 + 4*m**3/3 + m**2/2 + 11*m + 14. Determine i(12).
-47
Let m = 28 + -19. Let w(h) = -h**3 + 10*h**2 - 9*h + 3. Let g be w(m). Let s(d) = 6*d**2 + 4 - 4*d**2 + 2*d**2 - 3*d - d**g + 2*d. What is s(4)?
0
Suppose 42 = 14*i - 0. Suppose -3*c = -3*x + 6, -i*x - 5*c = -5*x + 10. Let v(w) = -w - 4. Determine v(x).
-4
Let f(v) be the third derivative of -7/60*v**5 - 1/6*v**4 + 0 + 0*v - 1/120*v**6 + 5/6*v**3 + 34*v**2. Calculate f(-6).
-7
Let o(p) = p**3 - p**2 - 2*p. Let x(f) = -f**2 - 6*f - 4. Suppose -r - 12 = 3*r. Let b be x(r). Suppose 3*h - b - 1 = 0. What is o(h)?
0
Let p(a) = -a**2 + 9*a - 4. Let u(l) = l**2 + l**2 - 19*l + 3 + 6. Let n(x) = 7*p(x) + 3*u(x). Calculate n(5).
4
Let l(q) = -q**2 + 8*q - 7. Let y be (-1*(-1)/3)/(3/(-9)). Let w be 1*y*-15*2/6. Give l(w).
8
Let a(m) = -3*m**2 - 2*m - 2. Let h(t) = -9*t**2 - 6*t - 5. Let q(r) = 8*a(r) - 3*h(r). Give q(-2).
7
Let u(n) be the third derivative of n**4/4 + n**3/2 - n**2 + 185. Give u(4).
27
Let p(x) = -x**3 + 4*x**2 + 7*x - 3. Suppose -2*b + 0*b - 25 = 3*w, 5*b = 3*w - 10. Let k be (-11 + 12)*w/(-1). What is p(k)?
7
Let t(r) = 2*r - 8. Let l(i) = -2*i**2 - 11*i - 15. Let x be l(-5). Give t(x).
-28
Let s = -644 + 636. Let l(m) = -m**2 - 10*m - 6. Determine l(s).
10
Let n(z) = -z + 6. Let h be n(0). Suppose 4*l = 4*c + 16, 4*l = -h*c + 3*c - 26. Let m(f) = f - 2*f - 23 - 23 + 44. Give m(c).
4
Let l(d) = d**3 + 5*d**2 - 3*d - 1. Let v(n) = n**3 + 3*n**2 - 2*n. Let h(g) = 2*l(g) - 3*v(g). Determine h(2).
-6
Let t(i) be the first derivative of -4*i**3/3 - i**2/2 + 2*i - 8. Let j be t(1). Let u be (4 - 5) + j/1. Let f(s) = -2*s + 2. Calculate f(u).
10
Let j = 132 - 133. Let d(l) be the second derivative of -l**3 - 5*l**2 + 2*l. Let i(n) = n + 1. Let p(b) = j*d(b) - 5*i(b). Give p(-5).
0
Let y(h) = -2*h + 9. Let s(o) = -o**3 - 6*o**2 + 6*o + 1. Let z be s(-7). What is y(z)?
-7
Suppose -18 + 3 = 5*b. Let t(r) = 2*r + 6. What is t(b)?
0
Let r(l) = l - 4. Suppose 0 = 24*p + 4 - 76. What is r(p)?
-1
Let q(r) be the first derivative of r**4/4 - 2*r**2 + 3*r - 3. Give q(2).
3
Let h(r) be the first derivative of 5*r - 1 - 4*r**2 + 1/3*r**3. What is h(4)?
-11
Let b(p) be the second derivative of -p**4/12 - 7*p**2/2 - 123*p. Suppose 0 = 3*c - 5*j - 5, 0 = 5*c - 0*c - j - 1. Determine b(c).
-7
Let q = 0 - -4. Let y(u) = q*u + 8 - u + 0*u. Let a = 260 - 266. Calculate y(a).
-10
Let c(z) = 8*z**3 - 6*z**3 - 4*z + 5*z**2 - 3*z**3. Let o(f) = 16*f - 93. Let h be o(6). Give c(h).
6
Let f(j) = -2*j**2 + j - 1. Let g be f(2). Let k(o) be the first derivative of o**4/4 + 2*o**3 - 7*o**2/2 + o + 23. Calculate k(g).
1
Let j(t) = 18*t**2 + 5*t + 3. Let v be j(-3). Let k be (v/3*-1)/(-2). Let p = 25 - k. Let h(m) = -m**3 + m - 3. What is h(p)?
-3
Let m(j) = 4*j + 3. Let o = -242 - -241. Calculate m(o).
-1
Suppose -4 = 4*o + 4*z, -13*o = -15*o + 4*z + 28. Let b(j) be the third derivative of 11*j**2 - 1/6*j**3 + 0*j - 11/24*j**o + 0. What is b(-1)?
10
Let o(i) = 7*i**2 + 7*i - 19. Let b(f) = 4*f**2 + 3*f - 10. Let l(d) = 5*b(d) - 3*o(d). Give l(-7).
0
Let n(w) = -w**3 + 3*w**2 - 5*w + 4. Suppose 16 = 18*h - 20. Determine n(h).
-2
Let p = -1 - -10. Suppose 5*h = -p - 11. Let a(l) = 2*l**2 + 2*l - 3. What is a(h)?
21
Let s(n) = -4*n**2 + 4*n**2 + 10*n**3 + n - 39*n**3. Determine s(1).
-28
Suppose 0 = 5*l + 3*n + 25, -3*l + 0*n + 14 = -4*n. Let j be (-1)/3 + 28/12. Let z(x) = 7*x**2 - 3 - 4*x**2 + 2*x - 4*x**j - 4*x. Calculate z(l).
-3
Let w(d) = -18*d**2 + 1. Let q = -63 - -65. Suppose -q*t - 5*a = -22, -t - 4*a + 13 = -4*t. Calculate w(t).
-17
Let c(n) = 10*n + 11. Let d(f) = -18*f - 19. Let b(x) = -11*c(x) - 6*d(x). Calculate b(-10).
13
Let i(q) = -q**2 - 2*q + 3. Let p = -7 - -5. Let f be 4 - (0 - (p + 2)). Suppose -10 = -f*d - 2. What is i(d)?
-5
Let t be -8 + 11 + (20 - 1). Let w = t + -23. Let q be w/1 - (4 + -2). Let x(m) = -m**3 - 3*m**